 ten millions digit of 1013891182?
1
What is the ten thousands digit of 251947383?
4
What is the ten millions digit of 19631208?
1
What is the millions digit of 3667386391?
7
What is the thousands digit of 21152131?
2
What is the hundred thousands digit of 69139800?
1
What is the thousands digit of 83744264?
4
What is the tens digit of 61542483?
8
What is the units digit of 21012635?
5
What is the hundreds digit of 1333272906?
9
What is the ten millions digit of 31096463?
3
What is the hundred thousands digit of 95683901?
6
What is the units digit of 1901671?
1
What is the ten millions digit of 1078699823?
7
What is the millions digit of 559831692?
9
What is the thousands digit of 94306983?
6
What is the ten thousands digit of 787255622?
5
What is the thousands digit of 7211769563?
9
What is the millions digit of 57818833?
7
What is the thousands digit of 45472561?
2
What is the hundred thousands digit of 77204671?
2
What is the millions digit of 33062220?
3
What is the millions digit of 142880298?
2
What is the tens digit of 116240284?
8
What is the hundreds digit of 931641069?
0
What is the units digit of 2661927597?
7
What is the units digit of 584558682?
2
What is the hundred thousands digit of 5504462399?
4
What is the tens digit of 235254153?
5
What is the ten millions digit of 492698322?
9
What is the hundred thousands digit of 362102928?
1
What is the tens digit of 247056135?
3
What is the millions digit of 144529571?
4
What is the hundred millions digit of 113101029?
1
What is the hundred thousands digit of 1151781693?
7
What is the thousands digit of 2276973846?
3
What is the hundreds digit of 19209131?
1
What is the units digit of 1396771?
1
What is the thousands digit of 4686262?
6
What is the hundred thousands digit of 1877673731?
6
What is the ten millions digit of 55468115?
5
What is the hundred millions digit of 230099534?
2
What is the thousands digit of 314745504?
5
What is the ten thousands digit of 47649547?
4
What is the tens digit of 67471633?
3
What is the ten thousands digit of 470341482?
4
What is the ten thousands digit of 37884676?
8
What is the hundred thousands digit of 294785675?
7
What is the ten thousands digit of 1247335513?
3
What is the hundred millions digit of 2079668966?
0
What is the ten thousands digit of 10226290?
2
What is the units digit of 2325795?
5
What is the millions digit of 20724156?
0
What is the ten thousands digit of 42090786?
9
What is the thousands digit of 309254898?
4
What is the hundred millions digit of 2983900620?
9
What is the millions digit of 100761520?
0
What is the ten millions digit of 54627330?
5
What is the millions digit of 185270325?
5
What is the thousands digit of 179661839?
1
What is the ten thousands digit of 67351310?
5
What is the millions digit of 3671412?
3
What is the tens digit of 14433389?
8
What is the hundred millions digit of 1506975767?
5
What is the ten thousands digit of 156456200?
5
What is the hundreds digit of 7221273258?
2
What is the ten thousands digit of 1937325334?
2
What is the ten millions digit of 5182918206?
8
What is the tens digit of 77665206?
0
What is the tens digit of 1924491790?
9
What is the units digit of 2760784?
4
What is the hundred thousands digit of 58872129?
8
What is the hundred thousands digit of 159131329?
1
What is the ten thousands digit of 639720234?
2
What is the tens digit of 7228626063?
6
What is the millions digit of 1737157460?
7
What is the millions digit of 1340403086?
0
What is the thousands digit of 750053097?
3
What is the hundred millions digit of 1194256319?
1
What is the tens digit of 49226054?
5
What is the units digit of 324879832?
2
What is the hundreds digit of 995053659?
6
What is the ten thousands digit of 44366767?
6
What is the millions digit of 162304189?
2
What is the hundred millions digit of 2864016489?
8
What is the tens digit of 21440164?
6
What is the tens digit of 1948279?
7
What is the hundred thousands digit of 8993559?
9
What is the hundred thousands digit of 27660032?
6
What is the hundreds digit of 12834615?
6
What is the hundred thousands digit of 849906861?
9
What is the thousands digit of 3852587179?
7
What is the units digit of 7260718348?
8
What is the tens digit of 6030929?
2
What is the thousands digit of 119267886?
7
What is the tens digit of 19201110?
1
What is the hundreds digit of 25738851?
8
What is the units digit of 109804014?
4
What is the hundred millions digit of 232169005?
2
What is the thousands digit of 104585871?
5
What is the ten thousands digit of 144134376?
3
What is the hundred thousands digit of 882990569?
9
What is the units digit of 693106345?
5
What is the thousands digit of 4794430287?
0
What is the ten thousands digit of 12049858?
4
What is the units digit of 240779311?
1
What is the units digit of 5836803439?
9
What is the tens digit of 121590879?
7
What is the millions digit of 2212189294?
2
What is the hundred millions digit of 1356967406?
3
What is the hundred millions digit of 180754029?
1
What is the ten thousands digit of 2349439667?
3
What is the tens digit of 2113458725?
2
What is the units digit of 307146583?
3
What is the thousands digit of 362155931?
5
What is the tens digit of 467635185?
8
What is the hundred thousands digit of 219635732?
6
What is the tens digit of 979705955?
5
What is the thousands digit of 701693989?
3
What is the hundreds digit of 2579230530?
5
What is the hundred millions digit of 1014467343?
0
What is the hundred millions digit of 267168554?
2
What is the units digit of 430020042?
2
What is the hundred thousands digit of 62868669?
8
What is the ten thousands digit of 3875800?
7
What is the thousands digit of 4308882591?
2
What is the units digit of 484921474?
4
What is the millions digit of 982995847?
2
What is the hundreds digit of 44575589?
5
What is the thousands digit of 826260948?
0
What is the tens digit of 1113562055?
5
What is the tens digit of 56091679?
7
What is the hundred millions digit of 221139100?
2
What is the hundreds digit of 57202350?
3
What is the ten thousands digit of 173523133?
2
What is the hundreds digit of 108702311?
3
What is the hundreds digit of 894116406?
4
What is the hundreds digit of 323664827?
8
What is the hundreds digit of 3170358646?
6
What is the tens digit of 58355883?
8
What is the tens digit of 26121786?
8
What is the ten thousands digit of 2312176729?
7
What is the units digit of 797700546?
6
What is the ten thousands digit of 22079852?
7
What is the thousands digit of 2040400430?
0
What is the hundred thousands digit of 5280103454?
1
What is the ten thousands digit of 286165835?
6
What is the ten millions digit of 6397842221?
9
What is the tens digit of 27676846?
4
What is the ten millions digit of 410349094?
1
What is the units digit of 39499984?
4
What is the ten millions digit of 55003781?
5
What is the hundred millions digit of 188906622?
1
What is the ten thousands digit of 190969732?
6
What is the hundred thousands digit of 4779100141?
1
What is the thousands digit of 170993050?
3
What is the millions digit of 160508524?
0
What is the thousands digit of 2333363075?
3
What is the hundred millions digit of 542633959?
5
What is the ten millions digit of 78113133?
7
What is the millions digit of 438678566?
8
What is the billions digit of 4638998294?
4
What is the hundred thousands digit of 58459743?
4
What is the units digit of 55304139?
9
What is the ten thousands digit of 129301131?
0
What is the tens digit of 264986352?
5
What is the ten millions digit of 109705403?
0
What is the ten millions digit of 17369294?
1
What is the ten millions digit of 62462838?
6
What is the thousands digit of 362264165?
4
What is the ten millions digit of 2474975767?
7
What is the hundreds digit of 2834841841?
8
What is the hundred millions digit of 150373150?
1
What is the ten millions digit of 267446765?
6
What is the units digit of 46499857?
7
What is the billions digit of 1118343887?
1
What is the tens digit of 567878409?
0
What is the hundred millions digit of 1790997614?
7
What is the ten millions digit of 311929756?
1
What is the millions digit of 1307364?
1
What is the tens digit of 4494855?
5
What is the ten millions digit of 552347303?
5
What is the hundred thousands digit of 694243654?